lculate the greatest common divisor of 2941 and l.
17
Let k(o) = 6*o**2 + 50*o + 2306. Let i be k(-43). Calculate the greatest common factor of 18 and i.
18
Let z(f) = 3*f**2 - 10*f + 4. Let s be z(8). Let x be ((-48)/40)/((-6)/435). What is the greatest common divisor of s and x?
29
Let w be (-2)/(-8) + 3/2 + (-8956332)/(-14256). What is the greatest common divisor of w and 1134?
126
Let y = -4615 + 4756. Calculate the highest common divisor of y and 2491.
47
Suppose -363*j + 359*j = b - 1091, 3*j = 2*b - 2138. Calculate the highest common factor of 50 and b.
25
Suppose 7*j - 337 - 128 + 108 = 0. Let y = -535 - -376. Let o = j - y. Calculate the greatest common divisor of o and 30.
30
Suppose 454080 = 186*p + 29*p. What is the greatest common divisor of 33 and p?
33
Suppose -102*o + 10416 = -9*o. Let b = -32 - -64. What is the greatest common factor of b and o?
16
Let o be -177*(-4)/6*(-30)/(-6). Let a = o - 558. What is the greatest common factor of 48 and a?
16
Suppose -383790 - 48534 + 18960 = -111*o. Calculate the greatest common factor of 84 and o.
28
Let v = -4229 - -4259. Suppose 2*k = -4*s + 962, 5*s + 288 - 1493 = -5*k. Calculate the greatest common divisor of s and v.
30
Suppose 0 = 10*m - 18611 - 16269. Calculate the greatest common factor of 32 and m.
32
Let a = 90 - 222. Let w = 144 + a. Let y(k) = 22*k**2 - 4. Let d be y(-2). What is the greatest common divisor of w and d?
12
Suppose -75 = 5*a - 70, 5*q - 4*a = 54. Let r(p) = p**2 + 1. Let s be r(-2). Suppose s*u - 3*u - 100 = 0. Calculate the greatest common factor of u and q.
10
Let c(n) = -n**2 - 14*n + 29. Let k = 8 - 24. Let w be c(k). Let i = w + 21. Calculate the highest common divisor of 162 and i.
18
Let w(q) = 2*q**2 + 226*q + 927. Let k be w(-109). Calculate the highest common divisor of k and 4422.
11
Suppose 3*f = -177 + 825. Let t = f + -90. Let k(m) = m**3 + 15*m**2 + 12*m - 10. Let b be k(-14). What is the greatest common factor of t and b?
18
Let x(d) = -d**2 - 6*d + 12. Let c be x(-9). Let m = c - -19. Suppose m*y - 3*k - 2*k = 93, 4*k + 70 = 3*y. What is the greatest common factor of 44 and y?
22
Suppose 5*a + 2*p = 53, 4*p + 15 = -2*a + 3*a. Let i = 99 + a. Suppose i = 9*q - 4*q. What is the greatest common divisor of q and 2?
2
Let c be -4 + (4 - (3 + -5)). Let p be ((32/20)/c)/((-4)/190). Let y = 67 - p. Calculate the greatest common factor of 15 and y.
15
Let z(f) = 2*f**2 + 111*f + 839. Let r be z(-7). What is the greatest common factor of 9440 and r?
160
Suppose 142*s = -58*s + 1269600. Calculate the highest common factor of s and 1932.
276
Let h(n) = 30*n**2 + 93*n - 273. Let r be h(7). What is the highest common divisor of r and 108?
12
Suppose -489 + 120 = -9*u. What is the greatest common factor of 246 and u?
41
Let x be (5*1/(-5))/((-2)/500). Calculate the greatest common divisor of 12875 and x.
125
Let l(m) = 3*m**3 + 226*m**2 + 299*m + 255. Let g be l(-74). What is the highest common factor of g and 39039?
33
Let k(b) = 274 + 28*b - 46*b + 28*b + 54 + 46*b. Let m be k(-4). Calculate the highest common factor of m and 16.
8
Let k = 309 - 131. Let h = -276 + k. Let y = -80 - h. What is the highest common factor of 6 and y?
6
Let x(n) = -3*n**2 - 31*n + 10. Let f be x(-7). Calculate the highest common factor of f and 340.
20
Suppose m - 19 = -16. Suppose -j = n - 8, j - 7*n - 3 = -m*n. Suppose 2*k - 4*g = -9*g + 174, k - 4*g = 61. What is the highest common divisor of j and k?
7
Let n = -18 + 23. Suppose -n*p = -27*p + 3146. What is the greatest common factor of p and 11?
11
Let m be -10 + 306/27 + (-19244)/(-3). Calculate the highest common divisor of m and 16.
16
Let x be (-10 + 1)/(2/(-70)) + -1. Suppose -a + 2*v + 134 = -x, -4*a + 1765 = v. Suppose -6*g - 82 = -a. Calculate the greatest common factor of g and 12.
12
Let h = -306 + 310. Suppose h*z = -432 + 3592. What is the highest common divisor of 10 and z?
10
Suppose 36*s + 2211 = 39*s - 2*m, 18 = -2*m. Calculate the highest common divisor of 1333 and s.
43
Let i = -2549 + 3061. What is the highest common divisor of 352 and i?
32
Let l be (8/(-76) - 135/(-19)) + 1. Let g be 368*1*(-15)/(-30). What is the highest common divisor of l and g?
8
Suppose 57 - 33 = 8*k. Let n be ((-18)/4)/(k/(-10)). Let i(x) = 19*x + 3. Let f be i(3). What is the highest common divisor of n and f?
15
Let d = -20103 + 20248. Calculate the highest common divisor of 1363 and d.
29
Suppose 0 = -662*r + 663*r - 1258. Suppose 1118 = 18*p - r. What is the highest common factor of p and 110?
22
Let x be 15 + 1938/(-136) - (-314)/8. Suppose 0*b + 400 = 4*b. Calculate the greatest common factor of b and x.
20
Suppose 95*t = 8837 - 1142. Calculate the greatest common divisor of t and 6723.
81
Let d = -2293 + 4646. Suppose -d*v + 1728 = -2345*v. What is the highest common factor of v and 162?
54
Let v(b) = 19*b**3 - 7*b + 10. Let q be v(2). Suppose 0 = -5*l - 5*r + 935, -4*r - 732 = -99*l + 95*l. Calculate the highest common factor of l and q.
37
Let j = -41706 + 41734. What is the highest common divisor of j and 12026?
14
Suppose -160*k + 1128 = -66*k. What is the highest common divisor of k and 2364?
12
Suppose 7*s = 5*s + 4. Suppose -5*h - 3*y = -48, 5*y = -s*h + 13 + 10. Suppose -6*v - 204 = -h*v. What is the greatest common divisor of v and 34?
34
Suppose s + 85 = 136. Let q = s + -36. Let n be 7*(q/7 - 2)*12. What is the highest common factor of n and 48?
12
Let f = 182 - 178. Suppose f*s + 4*a - 100 - 784 = 0, -a - 904 = -4*s. What is the highest common factor of s and 45?
45
Let m be 16/(-3)*(-25)/50*216. Calculate the highest common divisor of 270 and m.
18
Let g be (-12)/4 + 99/(4 + -1). Let a = 3 + -8. Let n be a/(10/(-18)) - -1. What is the highest common divisor of g and n?
10
Let h be (-450)/105*273/(-6). Calculate the greatest common factor of h and 270.
15
Let q(t) = -2*t**2 + 4*t - 195. Let f be q(0). Let k = f - -202. What is the greatest common factor of 56 and k?
7
Let s(d) = -d**3 + 5*d**2 + 10*d - 39. Suppose 5*h = -3*v + 40, -5*v + 50 = -7*h + 12*h. Let r be s(v). Calculate the greatest common divisor of r and 165.
11
Let p be (-318)/(-9) - (-70)/(-210). Calculate the highest common factor of 448 and p.
7
Let x be ((-130)/8)/((-11)/(-1320)*-25). Let w(z) = -z + 7. Let d be w(-5). Calculate the highest common divisor of x and d.
6
Let x = 14 + 0. Suppose x = 2*l - 6*m + 3*m, -2*l - 4*m = -28. Let o be (3 + -9)*(-10)/6. What is the highest common divisor of l and o?
10
Let k = 1805 + 3845. What is the greatest common divisor of 50 and k?
50
Suppose -2*r + 10 = -r. Let w be (8 - -4 - 8)*1/(-1). Let s be ((-270)/40 - -7) + (-679)/w. Calculate the greatest common factor of r and s.
10
Let a(l) = -38*l + 472. Let f be a(9). What is the greatest common factor of f and 208?
26
Let b(i) = -10*i**3 - 2*i**2 - 14*i + 80. Let w be b(-5). Let y = 49 - 34. What is the highest common factor of w and y?
15
Suppose -5*g - 2*o = -2163 - 6770, 0 = 3*g - o - 5351. What is the highest common factor of g and 165?
15
Let h(z) = 217*z - 7. Let g(t) = -72*t + 2. Let j(u) = -14*g(u) - 5*h(u). Let c be j(-1). Calculate the greatest common factor of c and 112.
28
Let k(z) = -z**3 + 5*z**2 + 7*z + 4. Let a be k(6). Let j = -2721 - -3411. What is the highest common divisor of a and j?
10
Let l = -5464 + 28291. Calculate the greatest common factor of 21 and l.
21
Suppose 3*f = -r - 8 + 13, 2*r + 5*f - 15 = 0. Let h(j) = 6*j. Let v be h(-12). Let x be 15/6*(0 - v). Calculate the highest common factor of x and r.
20
Let c be -540 - (-72)/(-54)*(3 - 0). Let b = 754 + c. What is the highest common divisor of b and 140?
70
Suppose 174 = 8*d - 5*d. Let o = 69 - d. Suppose q + 3*q = 88. What is the greatest common divisor of o and q?
11
Let c(w) = -35*w + 218. Let r be c(6). Suppose 0 = -11*d + 9*d + 304. Calculate the highest common factor of d and r.
8
Let z(l) = 2*l + 45. Let i be (-6)/15 + (8/5)/4. Let o be z(i). Let w = 52 + -22. What is the highest common factor of w and o?
15
Suppose -4*z + 3*z + 687 = 0. Suppose 0 = -4*n + z + 393. Suppose -2*p - h = -n, -4*h + 149 = -p + 2*p. Calculate the greatest common factor of p and 19.
19
Suppose 0*w + w + 2*p - 48 = 0, 134 = 3*w + p. Let j = w + 319. Let x be (-233)/(-7) - (-2)/(-7). What 